 factors of 5364395.
5, 31, 53, 653
List the prime factors of 218814.
2, 3, 36469
List the prime factors of 20827726.
2, 10413863
List the prime factors of 18574116.
2, 3, 11, 223, 631
List the prime factors of 1203056.
2, 17, 4423
What are the prime factors of 23098973?
23098973
What are the prime factors of 1297005?
3, 5, 86467
List the prime factors of 295342.
2, 147671
List the prime factors of 503997.
3, 13, 12923
List the prime factors of 54052.
2, 13513
What are the prime factors of 3647215?
5, 11, 13, 5101
List the prime factors of 356429.
101, 3529
What are the prime factors of 12935069?
7, 277, 953
What are the prime factors of 29272?
2, 3659
List the prime factors of 103918.
2, 223, 233
What are the prime factors of 1087200?
2, 3, 5, 151
List the prime factors of 3757126.
2, 1878563
What are the prime factors of 685676?
2, 23, 29, 257
List the prime factors of 362105.
5, 72421
List the prime factors of 621796.
2, 7, 53, 419
What are the prime factors of 2968100?
2, 5, 67, 443
What are the prime factors of 14102052?
2, 3, 1021, 1151
What are the prime factors of 4720624?
2, 295039
List the prime factors of 3101273.
7, 443039
List the prime factors of 16192357.
16192357
List the prime factors of 11637165.
3, 5, 775811
List the prime factors of 1240511.
1240511
List the prime factors of 2521575.
3, 5, 7, 1601
What are the prime factors of 217857?
3, 101, 719
List the prime factors of 426022.
2, 293, 727
What are the prime factors of 28882?
2, 7, 2063
What are the prime factors of 354099?
3, 118033
List the prime factors of 11778540.
2, 3, 5, 109, 1801
List the prime factors of 33987136.
2, 367, 1447
What are the prime factors of 161161?
7, 11, 13, 23
What are the prime factors of 351606?
2, 3, 58601
List the prime factors of 16713965.
5, 3342793
What are the prime factors of 6482219?
17, 97, 3931
What are the prime factors of 5699883?
3, 7, 23, 11801
List the prime factors of 9181783.
13, 706291
What are the prime factors of 3333965?
5, 23, 53, 547
List the prime factors of 5974507.
7, 11, 77591
What are the prime factors of 304576?
2, 4759
List the prime factors of 11323748.
2, 2830937
What are the prime factors of 493842?
2, 3, 82307
What are the prime factors of 80167?
80167
What are the prime factors of 34024753?
7, 4860679
List the prime factors of 763703.
47, 16249
What are the prime factors of 375863?
43, 8741
What are the prime factors of 20445505?
5, 23, 177787
What are the prime factors of 688304?
2, 43019
What are the prime factors of 2558674?
2, 1279337
List the prime factors of 130873.
130873
What are the prime factors of 221144?
2, 7, 11, 359
What are the prime factors of 207444?
2, 3, 59, 293
List the prime factors of 1581287.
1581287
What are the prime factors of 15696555?
3, 5, 7, 149491
List the prime factors of 1762919.
1762919
List the prime factors of 5664610.
2, 5, 7, 80923
List the prime factors of 1744115.
5, 17, 71
What are the prime factors of 1465301?
1465301
List the prime factors of 249610.
2, 5, 109, 229
What are the prime factors of 172227?
3, 11, 17, 307
List the prime factors of 425603.
425603
What are the prime factors of 366183?
3, 23, 29, 61
List the prime factors of 25984.
2, 7, 29
What are the prime factors of 78882?
2, 3, 13147
What are the prime factors of 303043?
13, 23311
What are the prime factors of 10337742?
2, 3, 71, 8089
What are the prime factors of 6193426?
2, 1433, 2161
List the prime factors of 23061903.
3, 229, 33569
What are the prime factors of 346155?
3, 5, 47, 491
List the prime factors of 6036394.
2, 7, 13, 17, 1951
What are the prime factors of 1632220?
2, 5, 81611
What are the prime factors of 201766?
2, 79, 1277
What are the prime factors of 9786060?
2, 3, 5, 54367
What are the prime factors of 13711294?
2, 6855647
List the prime factors of 2326319.
2326319
List the prime factors of 14541748.
2, 13, 279649
List the prime factors of 554346.
2, 3, 13, 23, 103
List the prime factors of 1542721.
83, 18587
List the prime factors of 390380.
2, 5, 131, 149
What are the prime factors of 282816?
2, 3, 491
List the prime factors of 748314.
2, 3, 7, 5939
List the prime factors of 1289085.
3, 5, 7, 12277
What are the prime factors of 2219398?
2, 151, 7349
List the prime factors of 789391.
789391
What are the prime factors of 4744856?
2, 317, 1871
List the prime factors of 609325.
5, 24373
List the prime factors of 25150.
2, 5, 503
What are the prime factors of 129938?
2, 64969
List the prime factors of 259196.
2, 7, 9257
List the prime factors of 2556389.
11, 307, 757
List the prime factors of 446014.
2, 223007
List the prime factors of 1560338.
2, 13, 60013
List the prime factors of 853176.
2, 3, 19, 1871
List the prime factors of 624769.
624769
What are the prime factors of 12432782?
2, 409, 15199
What are the prime factors of 16811128?
2, 2101391
What are the prime factors of 5395242?
2, 3, 67, 13421
What are the prime factors of 520560?
2, 3, 5, 241
What are the prime factors of 25517770?
2, 5, 199, 12823
What are the prime factors of 153766?
2, 76883
List the prime factors of 12994437.
3, 37, 167, 701
What are the prime factors of 93000?
2, 3, 5, 31
List the prime factors of 1074356.
2, 337, 797
List the prime factors of 16360279.
13, 1258483
List the prime factors of 4798206.
2, 3, 7, 113, 337
What are the prime factors of 416237?
29, 31, 463
List the prime factors of 1661252.
2, 199, 2087
List the prime factors of 5575020.
2, 3, 5, 11, 8447
List the prime factors of 9049941.
3, 37, 9059
What are the prime factors of 11973902?
2, 5986951
What are the prime factors of 20776575?
3, 5, 277021
List the prime factors of 1304545.
5, 11, 23719
List the prime factors of 50685.
3, 5, 31, 109
What are the prime factors of 356568?
2, 3, 83, 179
What are the prime factors of 2150667?
3, 19, 12577
What are the prime factors of 9094211?
7, 1299173
What are the prime factors of 33487088?
2, 2092943
List the prime factors of 1095318.
2, 3, 7, 8693
List the prime factors of 6078783.
3, 41, 73, 677
What are the prime factors of 219489?
3, 23, 3181
What are the prime factors of 7842425?
5, 23, 593
What are the prime factors of 501869?
101, 4969
What are the prime factors of 22030414?
2, 7, 79, 19919
What are the prime factors of 12653806?
2, 11, 575173
What are the prime factors of 91288?
2, 11411
What are the prime factors of 1953864?
2, 3, 11, 2467
List the prime factors of 1282522.
2, 641261
List the prime factors of 383227.
13, 41, 719
What are the prime factors of 24949?
61, 409
List the prime factors of 15835442.
2, 7, 1131103
What are the prime factors of 119334?
2, 3, 19889
List the prime factors of 3779.
3779
List the prime factors of 134144.
2, 131
List the prime factors of 6194128.
2, 101, 3833
List the prime factors of 10397.
37, 281
List the prime factors of 279788.
2, 113, 619
List the prime factors of 22105508.
2, 17, 325081
List the prime factors of 497577.
3, 61, 2719
List the prime factors of 14965395.
3, 5, 997693
What are the prime factors of 1670116?
2, 7, 8521
List the prime factors of 19341186.
2, 3, 3223531
What are the prime factors of 120272?
2, 7517
List the prime factors of 189289.
73, 2593
List the prime factors of 43798.
2, 61, 359
List the prime factors of 5502281.
59, 179, 521
List the prime factors of 14890581.
3, 551503
What are the prime factors of 770315?
5, 7, 13, 1693
What are the prime factors of 316671?
3, 105557
List the prime factors of 2049000.
2, 3, 5, 683
What are the prime factors of 19867154?
2, 641, 15497
List the prime factors of 1715669.
29, 67, 883
What are the prime factors of 27635216?
2, 7, 101, 349
What are the prime factors of 16583?
7, 23, 103
List the prime factors of 4081705.
5, 816341
List the prime factors of 16672626.
2, 3, 137, 6761
What are the prime factors of 32174139?
3, 10724713
What are the prime factors of 14648768?
2, 228887
What are the prime factors of 6492017?
7, 927431
What are the prime factors of 6696105?
3, 5, 13, 23, 1493
What are the prime factors of 27371398?
2, 59, 231961
List the prime factors of 17751182.
2, 8875591
List the prime factors of 16217.
16217
List the prime factors of 935632.
2, 58477
What are the prime factors of 275570?
2, 5, 17, 1621
List the prime factors of 9458100.
2, 3, 5, 31, 113
List the prime